1. What is l(-20)?
41
Let n(z) = 2*z**2 + 11*z - 230. What is n(15)?
385
Let w(n) = -227*n - 466. Determine w(-2).
-12
Let l(q) = -4*q - 250. Give l(-62).
-2
Let q(c) = 18*c + 213. Determine q(-9).
51
Let r(u) = 36*u - 716. What is r(19)?
-32
Let c(d) = 4*d**2 - 52*d + 90. Give c(11).
2
Let r(j) = 7*j**2 - 162*j - 14. Calculate r(23).
-37
Let p(j) = -2150*j - 6451. What is p(-3)?
-1
Let n(l) = -6*l**3 + l**2 + l - 88. Calculate n(0).
-88
Let k(d) = 5191*d - 31137. Determine k(6).
9
Let l(i) = -2*i**2 + 62*i + 83. Give l(33).
-49
Let u(d) = 2189*d - 61308. Calculate u(28).
-16
Let m(j) = 45*j**2 + 318*j + 16. Calculate m(-7).
-5
Let k(d) = -d**3 - 2*d**2 - 96*d - 511. Determine k(-5).
44
Let h(y) = 2*y**2 - 7*y - 507. Determine h(18).
15
Let m(i) = 27*i**3 + 3*i**2 - 13*i + 10. Calculate m(1).
27
Let s(k) = -3*k**3 - 48*k**2 - 2*k - 62. Give s(-16).
-30
Let t(l) = l**2 - 46*l + 82. Give t(19).
-431
Let u(k) = k**3 - k**2 - 22*k + 29. Determine u(0).
29
Let p(a) = a**3 - 7*a**2 - 27*a + 3. Give p(10).
33
Let q(k) = k**3 - 8*k**2 - 64*k + 186. Give q(12).
-6
Let g(a) = 2*a**3 + 139*a**2 + 72*a + 227. What is g(-69)?
20
Let f(n) = n**3 - 12*n**2 - 8*n - 39. What is f(13)?
26
Let a(k) = k**2 + 90*k + 423. Determine a(-85).
-2
Let i(m) = 87*m - 731. Determine i(9).
52
Let c(d) = 3*d**3 + 5*d**2 - d + 1. Calculate c(0).
1
Let n(w) = -w**2 - 77*w - 241. Determine n(-73).
51
Let i(s) = 27*s**2 - 28*s - 20. Calculate i(4).
300
Let w(g) = 172*g + 1405. Give w(-7).
201
Let x(k) = k**2 + 27*k + 20. Calculate x(-26).
-6
Let h(s) = 278*s - 1518. What is h(5)?
-128
Let k(g) = -g**3 + g**2 + 2*g - 20. Calculate k(-4).
52
Let q(i) = -i**3 - 10*i**2 - 17*i + 6. What is q(-8)?
14
Let l(y) = -19*y**2 + 615*y - 138. Calculate l(32).
86
Let v(j) = -j**3 - 13*j**2 + 17*j - 543. What is v(-16)?
-47
Let f(a) = -4*a**2 - 160*a + 143. What is f(-45)?
-757
Let b(q) = -14*q**2 + 450*q - 3108. What is b(22)?
16
Let u(f) = -36*f - 1609. Determine u(-45).
11
Let h(r) = 6*r**3 + 454*r**2 - 151*r + 74. Give h(-76).
-2
Let w(g) = -3*g**3 + 16*g**2 - 9*g + 127. What is w(7)?
-181
Let s(k) = k**3 + 13*k**2 + 4*k - 16. Determine s(0).
-16
Let m(y) = -226*y + 32. Determine m(1).
-194
Let z(u) = -138*u - 16. Determine z(-1).
122
Let z(r) = -907*r + 10898. Determine z(12).
14
Let b(z) = z**3 + 18*z**2 + 77*z + 50. What is b(-12)?
-10
Let w(j) = -7*j**2 - 26*j + 4. Calculate w(-4).
-4
Let j(c) = -6*c**3 - 234*c**2 - 3. Calculate j(-39).
-3
Let x(k) = -k**3 - k - 11. Determine x(4).
-79
Let k(z) = -z**3 + 33*z**2 - 262*z + 28. Give k(20).
-12
Let a(f) = -2*f**2 - 68*f - 130. What is a(-32)?
-2
Let d(j) = -j**3 - 153*j**2 + 751*j - 6143. Calculate d(-158).
19
Let a(w) = -15*w**2 + 407*w - 47. Give a(27).
7
Let m(n) = -n**3 - 21*n**2 - 110*n - 16. Give m(-7).
68
Let w(k) = -k**2 + 107*k - 784. Determine w(8).
8
Let c(u) = u**3 + 18*u**2 + 72*u + 8. Give c(-10).
88
Let l(n) = -2*n**2 - 117*n + 133. What is l(-64)?
-571
Let s(q) = -q**3 - 17*q**2 + 27*q + 172. What is s(-18)?
10
Let m(v) = 86*v - 4679. Determine m(53).
-121
Let p(z) = 16*z + 58. Give p(-5).
-22
Let z(x) = -47*x - 110. Determine z(-3).
31
Let r(d) = d**3 - 21*d**2 + 44*d - 609. Calculate r(20).
-129
Let p(q) = -23*q**2 - 149*q - 38. Give p(-6).
28
Let y(s) = 3*s**3 - 2*s**2 - 22*s + 26. Give y(3).
23
Let d(f) = 199*f + 5676. Calculate d(-28).
104
Let q(i) = -166*i - 1697. Give q(-10).
-37
Let y(b) = -b**3 - 89*b**2 - b - 74. What is y(-89)?
15
Let u(n) = -629*n + 11. Calculate u(0).
11
Let d(k) = 9*k - 290. What is d(26)?
-56
Let f(s) = s**3 - 152*s**2 + 67*s - 10182. Give f(152).
2
Let f(m) = m**2 - 48*m + 337. Give f(25).
-238
Let z(n) = -638*n - 5527. Determine z(-9).
215
Let k(z) = -z**3 - 21*z**2 - 116*z - 1116. Give k(-18).
0
Let q(y) = 9*y**2 + 345*y + 644. What is q(-2)?
-10
Let h(d) = 181*d + 58. Calculate h(-2).
-304
Let s(f) = -196*f + 799. What is s(8)?
-769
Let b(q) = -573*q + 1077. Calculate b(2).
-69
Let u(l) = -65*l + 403. Give u(21).
-962
Let d(g) = 3*g**3 + 4*g**2 - 12*g + 3. Calculate d(3).
84
Let y(v) = 4*v**2 - 57*v + 121. Give y(2).
23
Let f(k) = -k**3 + 9*k**2 + 286*k + 90. Determine f(22).
90
Let b(m) = -m**2 - 6*m - 2. Calculate b(-7).
-9
Let d(w) = 9*w**2 + 721*w - 4555. Determine d(-86).
3
Let z(n) = -2*n**3 - 37*n**2 + 153*n + 5. Give z(-22).
27
Let b(s) = 17*s**3 - s**2 - 6*s - 26. What is b(-3)?
-476
Let t(p) = p**3 + 56*p**2 + 53*p - 157. Give t(-55).
-47
Let l(c) = -25*c - 962. Calculate l(-5).
-837
Let x(d) = -93*d + 1688. What is x(18)?
14
Let b(i) = -786*i + 3146. Determine b(4).
2
Let l(g) = 15*g**2 - 202*g + 203. Determine l(1).
16
Let a(l) = 5*l**2 - 205*l - 1224. Give a(-6).
186
Let i(p) = -2*p**3 - 18*p + 29. Determine i(4).
-171
Let r(k) = -k**3 + 136*k + 87. Give r(12).
-9
Let d(g) = -2*g**2 + 112*g + 1990. Calculate d(-17).
-492
Let n(r) = r**3 - 28*r**2 - 55*r - 161. Calculate n(30).
-11
Let w(j) = -328*j - 23951. Give w(-73).
-7
Let k(w) = -88*w**2 + 14*w + 22. Give k(-3).
-812
Let h(x) = 42*x - 5461. Give h(131).
41
Let o(p) = -p**2 - 2*p + 171. Determine o(-10).
91
Let x(s) = 2*s**3 - 25*s**2 + 8*s + 29. Give x(12).
-19
Let i(k) = 42*k + 13. Determine i(-2).
-71
Let z(k) = -198*k**2 - 65*k - 64. Determine z(-1).
-197
Let w(p) = p**3 + 7*p**2 + 23*p + 38. Give w(-6).
-64
Let a(v) = 1452*v + 21811. Determine a(-15).
31
Let z(j) = -4*j + 291. Calculate z(5).
271
Let g(p) = -2773*p - 49902. Determine g(-18).
12
Let u(v) = -v**3 + 3*v**2 - 133*v + 402. Calculate u(3).
3
Let q(t) = -2*t**2 - 69*t + 503. Give q(6).
17
Let h(t) = 8*t**2 + 13*t + 26. Calculate h(-10).
696
Let o(p) = -p**3 - 68*p**2 + 367*p - 144. What is o(-73)?
-290
Let k(w) = -84*w - 63. Calculate k(-4).
273
Let v(y) = 20*y**2 - 117*y + 141. Give v(4).
-7
Let m(r) = -19269*r - 57799. Calculate m(-3).
8
Let m(x) = 4*x**3 - 18*x**2 - 7*x - 19. What is m(5)?
-4
Let b(l) = -2689*l - 5381. Calculate b(-2).
-3
Let p(q) = 23*q**3 + 3*q**2 - 8*q + 8. Give p(1).
26
Let h(s) = -s**3 + 30*s**2 - 71*s - 261. Calculate h(27).
9
Let y(d) = 3*d**3 + 17*d**2 + 3*d - 8. Give y(-8).
-480
Let m(g) = -g**3 - 14*g**2 - 25*g - 17. What is m(-12)?
-5
Let z(u) = -122*u + 5869. What is z(48)?
13
Let v(u) = 225*u + 255. What is v(0)?
255
Let y(q) = 13*q**2 + 17*q + 49. Calculate y(-4).
189
Let j(u) = 60*u - 30. Determine j(-5).
-330
Let v(u) = u**2 - 155*u + 3424. Give v(129).
70
Let t(s) = 27*s + 94. What is t(-6)?
-68
Let z(o) = -o**3 - 9*o**2 - 5*o - 5. Determine z(-7).
-68
Let z(i) = i + 107. What is z(-7)?
100
Let t(x) = -3462*x + 45007. Determine t(13).
1
Let x(s) = 87*s**2 + 442*s + 27. Calculate x(-5).
-8
Let r(d) = -d**3 + 29*d**2 - 68*d - 9. Give r(26).
251
Let c(h) = -515*h + 2346. Give c(5).
-229
Let n(p) = 4*p**2 + 32*p - 88. Give n(-12).
104
Let b(m) = 211*m + 182. What is b(-1)?
-29
Let y(x) = -x**3 - 75*x**2 - 85*x - 812. Calculate y(-74).
2
Let w(a) = -32*a - 56. Calculate w(-5).
104
Let n(w) = 358*w - 436. Give n(1).
-78
Let h(w) = 4*w**2 + 7*w - 139. Give h(8).
173
Let i(r) = -r**3 + 30*r**2 - 17*r - 99. Give i(28).
993
Let p(r) = -r**3 - 100*r**2 - 183*r + 1285. Calculate p(-98).
11
Let r(l) = 807*l + 13739. Calculate r(-17).
20
Let b(r) = -r**2 - 71*r - 901. Determine b(-16).
-21
Let b(s) = 4*s**2 - 281*s + 1616. Determine b(6).
74
Let b(n) = n**3 - 10*n**2 - 68*n - 35. Determine b(11).
-662
Let o(i) = -5*i**2 + 162*i + 114. Give o(33).
15
Let t(j) = j**2 - 5*j + 5. Give t(10).
55
Let f(b) = -b**2 + 110*b + 197. Calculate f(0).
197
Let d(x) = 13*x + 336. Calculate d(-38).
-158
Let w(t) = t**3 + 11*t**2 - 18*t - 69. Calculate w(-12).
3
Let x(h) = -153*h - 1378. What is x(-9)?
-1
Let b(t) = -53*t - 475. Calculate b(-9).
2
Let w(v) = -v**2 + 37*v + 342. What is w(45)?
-18
Let y(w) = -74*w - 223. What is y(-3)?
-1
Let b(o) = 34*o**2 + 782*o + 72. Give b(-23).
72
Let i(k) = 7*k - 145. Determine i(3).
-124
Let v(z) = -9*z**3 + 52*z**2 + 99*z + 3. Calculate v(-2).
85
Let d(s) = -3*s**3 + 36*s**2 + 219*s - 426. Calculate d(16).
6
Let l(u) = -2806*u + 2814. Determine l(1).
8
Let i(b) = 18*b**2 - 268*b - 34. Calculate i(15).
-4
Let p(f) = -102*f + 8061. Calculate p(79).
3
Let x(y) = -13*y**2 - 14*y + 1153. Give x(-10).
-7
Let y(a) = -104*a - 1196. Determine y(-14).
260
Let j(f) = 9*f**2 - 171*f + 506. What is j(4)?
-34
Let r(o) 